(v) = 2*b(v) - 5*d(v). Give o(-1).
11
Let w(t) = -6*t**3 + 0*t**3 + t**2 + t**3 + t**3. What is w(-1)?
5
Let v(o) = o**3 - 5*o + 3 - 5*o - o**2 + 5*o + 2*o. Give v(2).
1
Let v(k) = k - 3. Suppose 2*r - 4 = -5*h, 5 = 3*r + 5*h - 6. Give v(r).
4
Let r(j) = -j**2 - 4. Suppose 4*v = 8*v. Determine r(v).
-4
Let z(w) = -6*w - w**3 + 8*w**2 + 7*w + 7*w + 2 + 2. Let a be z(9). Let j(o) = o**2 + 6*o + 7. Determine j(a).
2
Let v(q) = -q**3 - q**2 + q + 4. Let d = 8 + 3. Let u = d + -8. Suppose -g + 4*l + 4 = 0, u*g - 3*l = -g + 3. What is v(g)?
4
Let k(m) be the first derivative of -3*m + 1/3*m**3 + 3/2*m**2 + 4. Calculate k(-4).
1
Let g(p) = p**3 - 6*p**2 - 3*p + 2. Let o(k) = k**2. Let d = -3 + 2. Let r(b) = d*g(b) - 3*o(b). Suppose 6*l - 16 = -4. Give r(l).
8
Let x(a) = 3*a**2 - 2*a + 3. Suppose -4*w + 23 = 3*r, 3*w + 5*r = 4*r + 11. What is x(w)?
11
Let t(f) = f**2 - 6*f + 4. Let w be t(4). Let p(k) = -k**3 - 5*k**2 - 2*k - 2. What is p(w)?
-10
Suppose -5*b + 7*b = 6. Let d(a) be the third derivative of -2*a**2 + 0*a + 1/2*a**b + 1/24*a**4 + 0. Determine d(-2).
1
Let b(p) = -2*p**2 - p. Let h(l) = 7*l**2 - 6 - 2*l + l**3 + 4*l - 3*l. Let d be h(-7). Give b(d).
-3
Suppose 2*b - b - 5 = 0. Let u = b + -2. Let q(h) = -2*h + u*h - 2*h - 1. Calculate q(5).
-6
Let i(b) = 3 + 5*b**2 + 5 - b**3 - 2 - 4 - 6*b. Suppose -2*n + 60 = 4*p + 2*n, -p + 30 = -2*n. Suppose -p = -6*s + s. What is i(s)?
-6
Let m(j) = -j - 1. Let r = 1 - 0. Suppose -g - 4*w + 4 = -6, 3*g + 3*w - 3 = 0. Let d(l) = 1. Let c(x) = g*d(x) + r*m(x). Determine c(-5).
2
Let i(m) = -m**2 + 6*m - 6. Suppose 2*g = -p + 7, -4*g + 2*p + 35 = -3*p. What is i(g)?
-1
Let f(j) = j**2 + 8*j + 5. Let o(y) = -y**3 + 5*y**2 - 5*y - 4. Let v be o(4). Let b be f(v). Let d(p) = p**3 - 6*p**2 + 3*p + 5. What is d(b)?
-5
Let w(d) = d. Let s(v) = -6*v + 10. Let u(l) = -s(l) - 5*w(l). Let o(j) = -6*j - 2. Let z be o(-2). Suppose y = -y + z. Determine u(y).
-5
Let f = -15 + 30. Suppose -f = 6*q - 3*q. Let r(n) = n**2 + 4*n - 3. Give r(q).
2
Let o(w) = 6*w**2 - 3*w - 2. Let j(k) = k**2 - k. Let v(y) = -5*j(y) + o(y). What is v(-5)?
13
Let r(y) = -1. Let o(i) = 4*i - 28. Let u(d) = 2*o(d) - 56*r(d). Calculate u(1).
8
Let d(v) = 5*v**2 - 4*v - 1. Let p(m) = -5*m**2 + 5*m + 1. Suppose -q - 10 = n, 2*n + 0*q + 5 = q. Let k(h) = n*p(h) - 6*d(h). Determine k(1).
-5
Let u(b) be the second derivative of b**5/20 - 5*b**4/12 + b**3/2 - 3*b**2 + b. Give u(4).
-10
Let v be 11/(-2) + (-9)/(-6). Let c(n) = -n**3 - 4*n**2 - n + 1. Give c(v).
5
Let h be 3/(9/(-120)) - 0. Let f be 0 - -2 - h/10. Let w(c) = 4*c + 8. Let n(v) = v + 3. Let d(x) = -10*n(x) + 3*w(x). Determine d(f).
6
Let r(d) = 0*d - 1 - 12*d + 10*d - 8*d**2. Determine r(-1).
-7
Let k(i) = 2*i + 11. Let y(q) = q + 5. Let z = -2 - 3. Let m(v) = z*y(v) + 3*k(v). Suppose -3*g - 15 + 3 = 0. Give m(g).
4
Let c(z) = z**2 - 1. Let s be (2 - 1)*(8 + -7). Determine c(s).
0
Let g(m) = 12*m**2 - m - 1. Suppose 4*h + 2 = 2*h. Let y be g(h). Suppose -y = 3*k - 4*k + 3*o, -4*k = 2*o + 22. Let j(d) = -d**3 - 2*d**2. What is j(k)?
9
Let g(q) = 3*q**3 + 26*q**2 + 20*q + 12. Let v(h) = h**3 + 9*h**2 + 7*h + 4. Let t(i) = i - 4. Let o be t(-7). Let s(l) = o*v(l) + 4*g(l). Give s(-3).
13
Let w(d) = d - 3. Let m(q) = 4*q. Let i be (-6)/5*(-5)/2. Let x be m(i). Suppose -3*k + x + 0 = 0. Give w(k).
1
Let b be (-3)/(-4)*(2 + -30). Let a = 14 + b. Let j = a - -4. Let z(y) = y**2 + y. Give z(j).
6
Let p(z) = z**3 - 4*z**2 - 2*z + 5. Let u be 2 - (3/(-1) - -1). Let t be p(u). Let g(h) = 3*h - h**2 + 0*h + 4 - 5*h. Calculate g(t).
1
Suppose x = -4*x + p - 24, 0 = -5*x - p - 16. Let h(b) be the first derivative of 4/3*b**3 + 1 + 1/4*b**4 + 0*b**2 + 2*b. What is h(x)?
2
Suppose -5*s = -5, 8*v + 4*s - 20 = 4*v. Let q(c) = c. What is q(v)?
4
Let b be (-2)/11 + 70/22. Let q(d) = 3*d**2 + d**2 + 1 + 7*d - b*d**2. Give q(-6).
-5
Suppose 4*a = -0*a - 4*k - 8, -a + 18 = -4*k. Suppose l + a = 3*l. Let s(m) = 7*m**3 - m + 2*m - 1 - m**2 - 10*m**3. What is s(l)?
-4
Let g(c) = c**2 - 14*c - 1. Let i be g(14). Let n(q) = 5*q**2 - q. What is n(i)?
6
Suppose 0 = n + 12 - 5. Let g(t) = t**3 + 6*t**2 - 8*t + 2. Determine g(n).
9
Suppose 6*y = 3*y + 12. Suppose y*g + 7 = -9. Let i(s) = 2*s + 2. Determine i(g).
-6
Suppose 0 = 3*k - p - 8, 8*p + 4 = 5*k + 4*p. Suppose 4 = 3*d - d. Let f(j) = -2*j**2 + j - 2 + 2*j**3 - j**3 - 2*j**d. What is f(k)?
2
Let l(t) = 224 + 2*t - 5*t**2 - 18*t**2 - 223. Determine l(-1).
-24
Let p(d) = -1 + 7*d + 3*d**2 + 5 + 1 - 2*d**2. Let h = 1 + -5. What is p(h)?
-7
Let w(a) = a**2 - a + 6 - 2*a**2 - 8*a. Let g be w(-10). Let f(t) = -t**2 - 5*t - 3. Calculate f(g).
1
Let s(h) = 12*h**2 - 3*h**2 - h + h**3 + 20 - 31. Let x be s(-9). Let j(n) = -n**3 - 2*n**2 + n - 1. Calculate j(x).
-3
Suppose 0 = -2*k - 5*h + 3, -4*h + 2*h - 2 = 0. Let c(z) = -6*z**2 + 1 - z**3 + 2*z**3 + z**2 + 4*z. Give c(k).
1
Let s(d) = -d**2 - 3*d + 8. Suppose 4*y = 3*y - 6. What is s(y)?
-10
Suppose 0 = 4*n - 3*n - 4. Let t = 4 - n. Let l = t + 0. Let w(i) = i - 4. What is w(l)?
-4
Let v(l) = 5*l**3 - l**2 - l - 1. Let s be -1*4/(-2) + 0. Suppose s*t - 4*t - 2 = 0. Give v(t).
-6
Let m(o) be the second derivative of 5/6*o**3 + 0 + 1/20*o**5 - 2*o**2 + o + 1/2*o**4. Determine m(-5).
-4
Let v(u) = u + 9. Let j be v(-3). Let h(f) = f**3 - 5*f**2 - 7*f. What is h(j)?
-6
Let o(t) be the second derivative of -t**5/60 + t**4/24 + 3*t**2/2 + 4*t. Let g(i) be the first derivative of o(i). What is g(3)?
-6
Let k(n) = 45*n - 41*n + 1 + 2. Determine k(-4).
-13
Let x(k) = k**3 - k**2 + 14. Suppose -5*i = -2*v - 0*v - 10, -3*i + 4*v = -20. What is x(i)?
14
Let q = 6 + -8. Let x(n) = 2*n**2 + 4*n + 3. Let b be x(q). Let f(o) = -o**2 + o - 1. Determine f(b).
-7
Suppose -4*t = -t. Let q(j) = 3*j + t*j - 4*j + 4. Let n be 2/(2 + (-8)/5). Calculate q(n).
-1
Let x(m) = -2*m - 7. Let i be -4 - -6 - 16/(3 - 1). Determine x(i).
5
Let p(l) be the second derivative of l**3/6 - 3*l**2/2 + 23*l. Give p(3).
0
Let s(g) = -6*g**2 - 3*g**2 + 2 + 3*g + 1 + 11*g**2. Let b = 3 + -5. Let r(t) = t**2 + 4*t + 2. Let x(v) = b*s(v) + 3*r(v). What is x(5)?
5
Suppose 3*l = l - 4. Let g be (-20)/8*4/l. Let q(t) = t**2 - 8*t + 6. Give q(g).
-9
Let a(o) = -3 + 0*o - 7*o + 15*o - 6*o. Give a(6).
9
Let n(o) = -o**3 + 4*o - 4. Let x = -141 - -144. Give n(x).
-19
Let f(q) = -41*q**3 - 11*q**2 + 16*q - 6. Let i(z) = -8*z**3 - 2*z**2 + 3*z - 1. Let v(t) = 2*f(t) - 11*i(t). What is v(-1)?
-6
Suppose r = -4*x + 38, -2*x + 3*r = -11 - 15. Let o(g) = 8 - x + 0 + g**2. Calculate o(-3).
7
Let x(l) = -l**2 + 4. Suppose 4*g + 0*g = -3*k, 0 = g - 5*k - 23. Calculate x(g).
-5
Let p(b) be the second derivative of -b**4/12 + 7*b**3/6 + 13*b**2/2 + 15*b. Calculate p(9).
-5
Let t be 4*(2 - 3/2). Suppose t*q - 1 - 9 = 0. Let x(z) = -z**2 + 3*z + 4. Calculate x(q).
-6
Let d = 8 + -4. Let z(n) = 3*n**3 + 5*n**2 - d*n**3 - 2 - n**2. Let k = -13 - -15. Calculate z(k).
6
Let t(m) = 6*m**2 + m - 2. Let k(v) = v**2 + v. Let q = -14 + 10. Let f(o) = q*k(o) + t(o). Let w = 8 - 5. Calculate f(w).
7
Let o = -28 + 85/3. Let v(y) be the second derivative of y - o*y**3 + 0 + 3/2*y**2. Determine v(2).
-1
Let k(z) = -z**2 + 5. Let a = 8 - 8. Suppose a*s = 5*s. What is k(s)?
5
Let c(o) = -o**2 - 4*o - 1. Let i(m) = 4*m - 1. Let p be i(-1). Give c(p).
-6
Let y(w) = -w**2 + 5*w - 3. Suppose 5*n - 10 - 5 = 0. Let g be (8/6)/(n/9). Determine y(g).
1
Let y(h) = 2*h**2 + 0 + 6*h - 2 - 4*h. Calculate y(2).
10
Let g(n) = 1. Let r(m) = -m**2 + 7*m - 10. Let v(d) = 5*g(d) + r(d). Give v(6).
1
Let b(x) = -x**3 + x**2 - x - 1. Let d(u) = 13*u**3 - 4*u**2 + 4*u + 4. Let o(l) = 5*b(l) + d(l). What is o(-1)?
-7
Let h = 29 + -41. Let m = h - -10. Let f(i) = -i - 1. Determine f(m).
1
Let k(b) = b - 4. Let q be (-75)/20*(-16)/12. Determine k(q).
1
Let l = -11 - -7. Let p(t) = t**3 + 5*t**2 - 7*t - 1. Let i be p(-6). Let s(k) = -5*k + 6. Let x(q) = -6*q + 5. Let v(n) = i*x(n) + l*s(n). What is v(1)?
-9
Let l(n) = 4 + 3*n**2 - 3*n**2 + 2 + n**3 + 3*n - 3*n**2. Let i(r) = -5*r**3 + 13*r**2 - 13*r - 24. Let h(d) = -2*i(d) - 9*l(d). Give h(0).
-6
Let y(x) = 5*x - 4. Let d(k) = k. Let c(n) = -4*d(n) + y(n). Let u be c(6). Let g(p) = -p. Let q(o) = o**2 + 2*o - 2. Let t(i) = 2*g(i) + q(i). Determine t(u).
2
Let m(b) = 